ors of 248178303.
3, 23, 399643
What are the prime factors of 552796864?
2, 8637451
What are the prime factors of 1887764877?
3, 209751653
List the prime factors of 418357386.
2, 3, 17, 151909
What are the prime factors of 1914209202?
2, 3, 337, 443, 2137
What are the prime factors of 6466069289?
17, 380357017
List the prime factors of 39371731.
7, 89, 63197
List the prime factors of 1212749169.
3, 157, 2574839
List the prime factors of 188615191.
31, 6084361
List the prime factors of 25268831.
7, 29, 124477
What are the prime factors of 4263852641?
4263852641
List the prime factors of 1102416314.
2, 349, 631, 2503
List the prime factors of 1870751511.
3, 4201, 16493
List the prime factors of 914023732.
2, 167, 307, 4457
What are the prime factors of 15829869?
3, 11, 19, 25247
What are the prime factors of 1269404472?
2, 3, 7, 29, 260551
What are the prime factors of 582782781?
3, 7, 27751561
What are the prime factors of 484536581?
484536581
List the prime factors of 20099440.
2, 5, 17, 14779
List the prime factors of 2816582795.
5, 13, 4987, 8689
What are the prime factors of 195006628?
2, 48751657
What are the prime factors of 55045157?
103, 547, 977
List the prime factors of 1520969188.
2, 5857, 64921
List the prime factors of 422761266.
2, 3, 23486737
What are the prime factors of 5210576099?
5210576099
List the prime factors of 112831633.
19, 312553
List the prime factors of 3919944333.
3, 1306648111
What are the prime factors of 72964209?
3, 229, 106207
What are the prime factors of 1487132206?
2, 7, 23, 113, 1777
What are the prime factors of 46758800?
2, 5, 11, 10627
What are the prime factors of 26367863?
109, 241907
List the prime factors of 183015141.
3, 2273, 26839
List the prime factors of 1530679872.
2, 3, 7972291
List the prime factors of 3179634245.
5, 635926849
List the prime factors of 21558902.
2, 10779451
What are the prime factors of 1081151166?
2, 3, 180191861
What are the prime factors of 4901277826?
2, 11587, 211499
What are the prime factors of 3573689883?
3, 23, 53, 181, 5399
What are the prime factors of 165912800?
2, 5, 23, 71, 127
List the prime factors of 98781405.
3, 5, 97, 67891
What are the prime factors of 506186603?
13, 37, 479
What are the prime factors of 1743347557?
7, 29, 739, 11621
What are the prime factors of 30704166?
2, 3, 137, 12451
What are the prime factors of 47161737?
3, 7, 249533
List the prime factors of 149008027.
7, 101, 210761
What are the prime factors of 34619372?
2, 857, 10099
What are the prime factors of 31483076?
2, 19, 61, 6791
List the prime factors of 526527123.
3, 175509041
What are the prime factors of 6468629456?
2, 547, 739103
What are the prime factors of 4140418661?
41, 2069, 48809
List the prime factors of 1268748840.
2, 3, 5, 29, 364583
List the prime factors of 106861859.
13, 8220143
List the prime factors of 119006088.
2, 3, 4958587
List the prime factors of 170570461.
23, 461, 16087
What are the prime factors of 184427904?
2, 3, 331, 1451
What are the prime factors of 788455333?
31, 131, 6263
List the prime factors of 32936702.
2, 16468351
List the prime factors of 1704364789.
179, 229, 41579
What are the prime factors of 51732968?
2, 7, 349, 2647
List the prime factors of 914131807.
914131807
List the prime factors of 420135005.
5, 197, 227, 1879
What are the prime factors of 83683862?
2, 37, 1130863
List the prime factors of 629381128.
2, 78672641
List the prime factors of 1023148389.
3, 241, 1415143
List the prime factors of 6042506.
2, 131, 23063
What are the prime factors of 63098507?
63098507
List the prime factors of 613714403.
613714403
What are the prime factors of 599933329?
599933329
List the prime factors of 4909379037.
3, 1636459679
What are the prime factors of 91027884?
2, 3, 7585657
What are the prime factors of 54708?
2, 3, 47, 97
What are the prime factors of 29828095?
5, 11, 29, 18701
List the prime factors of 903869178.
2, 3, 19, 79, 100363
What are the prime factors of 2770264362?
2, 3, 4637, 99571
List the prime factors of 53553281.
17, 3150193
List the prime factors of 56310457.
7, 1149193
What are the prime factors of 660711218?
2, 330355609
List the prime factors of 3823183391.
3823183391
What are the prime factors of 36065796?
2, 3, 13, 73, 3167
List the prime factors of 4739085276.
2, 3, 394923773
List the prime factors of 230361860.
2, 5, 11518093
List the prime factors of 34333323.
3, 19, 151, 3989
List the prime factors of 275780340.
2, 3, 5, 11, 31, 4493
List the prime factors of 4758513374.
2, 109, 3331, 6553
What are the prime factors of 547738253?
1427, 383839
What are the prime factors of 335571684?
2, 3, 7, 353, 11317
What are the prime factors of 154715043?
3, 7, 19, 23, 733
List the prime factors of 114625079.
114625079
What are the prime factors of 5367916792?
2, 7, 4639, 20663
List the prime factors of 2933054963.
2933054963
List the prime factors of 58618123.
557, 105239
List the prime factors of 5524077203.
11701, 472103
List the prime factors of 56228303.
29, 1938907
What are the prime factors of 3934502393?
41, 601, 159673
List the prime factors of 443840389.
29, 15304841
List the prime factors of 111801642.
2, 3, 37, 503611
What are the prime factors of 42189148?
2, 353, 29879
What are the prime factors of 639473443?
7, 19, 4808071
What are the prime factors of 48671242?
2, 643, 37847
List the prime factors of 298954216.
2, 11, 47, 6571
List the prime factors of 2033982298.
2, 71, 313, 45763
What are the prime factors of 3042798438?
2, 3, 109, 1667, 2791
List the prime factors of 510662747.
7, 72951821
What are the prime factors of 4653497737?
7, 17, 59, 662797
List the prime factors of 56390371.
59, 955769
What are the prime factors of 245140833?
3, 7, 17, 686669
What are the prime factors of 29507731?
11, 167, 16063
List the prime factors of 342285356.
2, 7, 23, 311, 1709
List the prime factors of 2000296990.
2, 5, 127, 349, 4513
List the prime factors of 1913054097.
3, 1747, 365017
List the prime factors of 1754079332.
2, 73, 197, 30493
What are the prime factors of 108834371?
108834371
What are the prime factors of 730881570?
2, 3, 5, 24362719
What are the prime factors of 1209971354?
2, 31, 19515667
What are the prime factors of 585432219?
3, 195144073
List the prime factors of 175169108.
2, 43792277
List the prime factors of 2110601501.
9209, 229189
List the prime factors of 134349967.
10613, 12659
List the prime factors of 18090902.
2, 2543, 3557
What are the prime factors of 605627953?
7, 43, 257, 7829
What are the prime factors of 9571642?
2, 137, 181, 193
List the prime factors of 74839229.
409, 182981
List the prime factors of 5299356699.
3, 7, 13, 23, 281327
What are the prime factors of 23256780?
2, 3, 5, 387613
List the prime factors of 2315304282.
2, 3, 385884047
List the prime factors of 311794898.
2, 47, 3316967
What are the prime factors of 194962419?
3, 431, 50261
What are the prime factors of 660220016?
2, 1933, 21347
List the prime factors of 755379128.
2, 7, 13488913
What are the prime factors of 55835862?
2, 3, 61, 373, 409
What are the prime factors of 1676464673?
13, 17, 7585813
What are the prime factors of 2299057352?
2, 287382169
What are the prime factors of 1065463335?
3, 5, 29, 31, 8779
List the prime factors of 128680793.
83, 1550371
What are the prime factors of 49098383?
49098383
List the prime factors of 154327877.
11, 1275437
List the prime factors of 1513102394.
2, 179, 4226543
What are the prime factors of 46052425?
5, 1842097
List the prime factors of 24590577.
3, 11, 397, 1877
What are the prime factors of 831581713?
53, 379, 41399
What are the prime factors of 282664639?
282664639
What are the prime factors of 436483137?
3, 79, 1841701
List the prime factors of 319698936.
2, 3, 101, 43963
What are the prime factors of 66044445?
3, 5, 37, 127, 937
What are the prime factors of 157480731?
3, 419, 41761
List the prime factors of 700001887.
13, 4142023
What are the prime factors of 667142395?
5, 113, 409, 2887
List the prime factors of 775517344.
2, 7, 3462131
List the prime factors of 983786180.
2, 5, 13, 19, 15319
List the prime factors of 5487406845.
3, 5, 311, 1176293
List the prime factors of 142861526.
2, 131, 293, 1861
List the prime factors of 72884567.
7, 10412081
What are th